1
Calculate the remainder when 68072 is divided by 549.
545
Calculate the remainder when 4463 is divided by 279.
278
Calculate the remainder when 55075 is divided by 120.
115
What is the remainder when 526 is divided by 23?
20
Calculate the remainder when 255361 is divided by 38.
1
What is the remainder when 1099 is divided by 252?
91
Calculate the remainder when 8019638 is divided by 287.
284
Calculate the remainder when 3345 is divided by 648.
105
Calculate the remainder when 131032 is divided by 420.
412
Calculate the remainder when 16211 is divided by 5402.
5
Calculate the remainder when 3085 is divided by 763.
33
Calculate the remainder when 219616 is divided by 378.
376
Calculate the remainder when 2513 is divided by 490.
63
What is the remainder when 1578 is divided by 142?
16
What is the remainder when 2747 is divided by 112?
59
What is the remainder when 12262 is divided by 3063?
10
Calculate the remainder when 309237 is divided by 44174.
19
Calculate the remainder when 30246 is divided by 2745.
51
Calculate the remainder when 124079 is divided by 15.
14
Calculate the remainder when 30120 is divided by 82.
26
Calculate the remainder when 7503 is divided by 11.
1
Calculate the remainder when 2226 is divided by 5.
1
Calculate the remainder when 3418 is divided by 36.
34
What is the remainder when 1102821 is divided by 1802?
1799
Calculate the remainder when 86564 is divided by 238.
170
Calculate the remainder when 1218 is divided by 240.
18
What is the remainder when 71785 is divided by 2389?
115
What is the remainder when 20082 is divided by 94?
60
What is the remainder when 166371 is divided by 67?
10
Calculate the remainder when 6939 is divided by 210.
9
What is the remainder when 5383 is divided by 2691?
1
What is the remainder when 1168 is divided by 286?
24
What is the remainder when 11438 is divided by 109?
102
Calculate the remainder when 14268 is divided by 1440.
1308
What is the remainder when 1680 is divided by 521?
117
What is the remainder when 10582 is divided by 36?
34
Calculate the remainder when 230886 is divided by 813.
807
What is the remainder when 495314 is divided by 27?
26
What is the remainder when 331713 is divided by 186?
75
What is the remainder when 17812 is divided by 1272?
4
Calculate the remainder when 9517 is divided by 9305.
212
Calculate the remainder when 5868 is divided by 482.
84
Calculate the remainder when 49080 is divided by 253.
251
Calculate the remainder when 708 is divided by 110.
48
Calculate the remainder when 804 is divided by 782.
22
What is the remainder when 3461 is divided by 1711?
39
What is the remainder when 588 is divided by 110?
38
What is the remainder when 20847 is divided by 15?
12
Calculate the remainder when 700 is divided by 352.
348
What is the remainder when 27341 is divided by 6831?
17
Calculate the remainder when 128057 is divided by 32.
25
Calculate the remainder when 11311 is divided by 29.
1
Calculate the remainder when 15472 is divided by 7566.
340
What is the remainder when 7790 is divided by 7774?
16
Calculate the remainder when 23424 is divided by 210.
114
What is the remainder when 79617 is divided by 60?
57
What is the remainder when 49535 is divided by 900?
35
What is the remainder when 1056631 is divided by 13903?
3
Calculate the remainder when 535 is divided by 67.
66
What is the remainder when 511 is divided by 83?
13
Calculate the remainder when 23913 is divided by 4781.
8
What is the remainder when 11750 is divided by 1440?
230
Calculate the remainder when 5415824 is divided by 251.
248
Calculate the remainder when 3638 is divided by 1651.
336
Calculate the remainder when 376 is divided by 13.
12
Calculate the remainder when 2649720 is divided by 1315.
1310
Calculate the remainder when 107931 is divided by 26.
5
What is the remainder when 12459 is divided by 76?
71
What is the remainder when 89718 is divided by 222?
30
What is the remainder when 283557 is divided by 15?
12
What is the remainder when 324008 is divided by 973?
972
Calculate the remainder when 1337 is divided by 573.
191
Calculate the remainder when 25995 is divided by 117.
21
What is the remainder when 19474 is divided by 363?
235
What is the remainder when 3969 is divided by 45?
9
What is the remainder when 127574 is divided by 42506?
56
What is the remainder when 33147 is divided by 2971?
466
What is the remainder when 1400 is divided by 18?
14
What is the remainder when 10956 is divided by 5461?
34
What is the remainder when 1385 is divided by 570?
245
What is the remainder when 21928 is divided by 85?
83
What is the remainder when 112608 is divided by 97?
88
Calculate the remainder when 5930 is divided by 312.
2
What is the remainder when 719 is divided by 663?
56
What is the remainder when 1055900 is divided by 4?
0
What is the remainder when 127560 is divided by 303?
300
Calculate the remainder when 16423 is divided by 15.
13
What is the remainder when 12982 is divided by 2161?
16
Calculate the remainder when 930 is divided by 643.
287
What is the remainder when 1305 is divided by 99?
18
Calculate the remainder when 4968 is divided by 11.
7
Calculate the remainder when 4038 is divided by 783.
123
Calculate the remainder when 35701 is divided by 17849.
3
Calculate the remainder when 406 is divided by 71.
51
Calculate the remainder when 35510 is divided by 3228.
2
Calculate the remainder when 1569 is divided by 9.
3
What is the remainder when 34664 is divided by 204?
188
What is the remainder when 880 is divided by 38?
6
What is the remainder when 8258 is divided by 27?
23
Calculate the remainder when 161540 is divided by 31.
30
What is the remainder when 297066 is divided by 1303?
1285
Calculate the remainder when 32468 is divided by 16230.
8
What is the remainder when 15557 is divided by 1727?
14
Calculate the remainder when 2371 is divided by 1776.
595
What is the remainder when 20372 is divided by 18?
14
Calculate the remainder when 16667 is divided by 724.
15
Calculate the remainder when 3696 is divided by 3689.
7
What is the remainder when 17032 is divided by 1135?
7
What is the remainder when 14594 is divided by 32?
2
What is the remainder when 19349 is divided by 124?
5
Calculate the remainder when 5691 is divided by 593.
354
Calculate the remainder when 136545 is divided by 491.
47
What is the remainder when 32438 is divided by 2029?
2003
Calculate the remainder when 514 is divided by 129.
127
Calculate the remainder when 1306072 is divided by 30.
22
Calculate the remainder when 1101 is divided by 267.
33
What is the remainder when 537491 is divided by 69?
50
What is the remainder when 2440 is divided by 1219?
2
What is the remainder when 1736 is divided by 743?
250
What is the remainder when 142780 is divided by 163?
155
Calculate the remainder when 131250 is divided by 136.
10
Calculate the remainder when 82238 is divided by 41106.
26
What is the remainder when 285 is divided by 94?
3
What is the remainder when 3039 is divided by 203?
197
What is the remainder when 176075 is divided by 819?
809
What is the remainder when 208836 is divided by 14?
12
What is the remainder when 6130 is divided by 500?
130
Calculate the remainder when 16684 is divided by 8341.
2
Calculate the remainder when 34890 is divided by 37.
36
Calculate the remainder when 98019 is divided by 91.
12
What is the remainder when 77013 is divided by 73?
71
Calculate the remainder when 52470 is divided by 36.
18
What is the remainder when 291342 is divided by 97105?
27
What is the remainder when 1476322 is divided by 12?
10
Calculate the remainder when 3948 is divided by 471.
180
What is the remainder when 66921 is divided by 13383?
6
Calculate the remainder when 2091 is divided by 124.
107
What is the remainder when 15363 is divided by 53?
46
What is the remainder when 20702 is divided by 2291?
83
Calculate the remainder when 10738 is divided by 18.
10
What is the remainder when 3428 is divided by 39?
35
What is the remainder when 1102 is divided by 548?
6
What is the remainder when 2476 is divided by 769?
169
What is the remainder when 1065 is divided by 927?
138
What is the remainder when 51625 is divided by 17182?
79
Calculate the remainder when 7639 is divided by 694.
5
Calculate the remainder when 50466